{"id":100,"date":"2020-05-09T11:28:02","date_gmt":"2020-05-09T11:28:02","guid":{"rendered":"https:\/\/devtest.sinatrawp.com\/?page_id=9"},"modified":"2024-08-27T18:48:55","modified_gmt":"2024-08-27T18:48:55","slug":"about","status":"publish","type":"page","link":"https:\/\/www.visocialcare.se\/index.php\/about\/","title":{"rendered":"Personalf\u00f6rst\u00e4rkning"},"content":{"rendered":"\n<div class=\"wp-block-columns is-layout-flex wp-container-core-columns-is-layout-9d6595d7 wp-block-columns-is-layout-flex\">\n<div class=\"wp-block-column is-layout-flow wp-block-column-is-layout-flow\"><\/div>\n\n\n\n<div class=\"wp-block-column is-layout-flow wp-block-column-is-layout-flow\" style=\"flex-basis:60%\">\n<h6 class=\"wp-block-heading has-text-align-left has-text-color\" style=\"color:#3857f1\"><\/h6>\n\n\n\n<h2 class=\"wp-block-heading has-text-align-center si-clear-tm h1\">Personalf\u00f6rst\u00e4rkning<\/h2>\n\n\n\n<p class=\"has-text-color has-medium-font-size\" style=\"color:#666666\"><em>Vi SocialCare erbjuder socionomkonsulter som har l\u00e5ng erfarenhet inom utredningsarbetet med barn och ungdomar jml SoL och LVU utifr\u00e5n BBIC samt inom familjehemsv\u00e5rd.\u00a0<\/em><\/p>\n\n\n\n<hr class=\"wp-block-separator has-alpha-channel-opacity\"\/>\n\n\n\n<p><strong>Vi SocialCare kan ocks\u00e5 erbjuda socionomkonsulter f\u00f6r uppdrag som arbetsledare, enhetschef eller 1:e socialsekreterare samt specialistsocionom.<\/strong><\/p>\n<\/div>\n\n\n\n<div class=\"wp-block-column is-layout-flow wp-block-column-is-layout-flow\"><\/div>\n<\/div>\n\n\n\n<figure class=\"wp-block-image alignfull size-full\"><img loading=\"lazy\" decoding=\"async\" width=\"700\" height=\"450\" src=\"http:\/\/www.visocialcare.se\/wp-content\/uploads\/2024\/08\/bild_6.jpg\" alt=\"\" class=\"wp-image-209\" srcset=\"https:\/\/www.visocialcare.se\/wp-content\/uploads\/2024\/08\/bild_6.jpg 700w, https:\/\/www.visocialcare.se\/wp-content\/uploads\/2024\/08\/bild_6-300x193.jpg 300w\" sizes=\"auto, (max-width: 700px) 100vw, 700px\" \/><\/figure>\n\n\n\n<div class=\"wp-block-columns are-vertically-aligned-top is-layout-flex wp-container-core-columns-is-layout-9d6595d7 wp-block-columns-is-layout-flex\">\n<div class=\"wp-block-column is-vertically-aligned-top is-layout-flow wp-block-column-is-layout-flow\"><\/div>\n\n\n\n<div class=\"wp-block-column is-vertically-aligned-top is-layout-flow wp-block-column-is-layout-flow\" style=\"flex-basis:60%\">\n<div style=\"height:20px\" aria-hidden=\"true\" class=\"wp-block-spacer\"><\/div>\n\n\n\n<h6 class=\"wp-block-heading has-text-align-left si-clear-tm has-text-color\" style=\"color:#3857f1\"><\/h6>\n\n\n\n<p class=\"has-text-color has-medium-font-size\" style=\"color:#666666\">Socionomkonsulterna har stor kompetens vad g\u00e4ller lagstiftningen som reglerar myndighetsut\u00f6vningen inom socialtj\u00e4nsten. Vid ett bemanningsuppdrag \u00e4r den normala arbetstiden \u00e5tta timmar inklusive k\u00f6rtid. Ett uppdrag kan ocks\u00e5 vara utformat s\u00e5 att ett best\u00e4mt antal \u00e4renden ska handl\u00e4ggas. \u00a0 \u00a0<\/p>\n\n\n\n<p class=\"has-medium-font-size\">Vi SocialCare erbjuder \u00e4ven mentorskap f\u00f6r nyexaminerade socionomer.<\/p>\n\n\n\n<div style=\"height:20px\" aria-hidden=\"true\" class=\"wp-block-spacer\"><\/div>\n\n\n\n<p><\/p>\n<\/div>\n\n\n\n<div class=\"wp-block-column is-vertically-aligned-top is-layout-flow wp-block-column-is-layout-flow\"><\/div>\n<\/div>\n\n\n\n<p><\/p>\n","protected":false},"excerpt":{"rendered":"<p>Personalf\u00f6rst\u00e4rkning Vi SocialCare erbjuder socionomkonsulter som har l\u00e5ng erfarenhet inom utredningsarbetet med barn och ungdomar jml SoL och LVU&hellip;<\/p>\n","protected":false},"author":1,"featured_media":0,"parent":0,"menu_order":0,"comment_status":"closed","ping_status":"closed","template":"","meta":{"footnotes":""},"class_list":["post-100","page","type-page","status-publish","hentry"],"_links":{"self":[{"href":"https:\/\/www.visocialcare.se\/index.php\/wp-json\/wp\/v2\/pages\/100","targetHints":{"allow":["GET"]}}],"collection":[{"href":"https:\/\/www.visocialcare.se\/index.php\/wp-json\/wp\/v2\/pages"}],"about":[{"href":"https:\/\/www.visocialcare.se\/index.php\/wp-json\/wp\/v2\/types\/page"}],"author":[{"embeddable":true,"href":"https:\/\/www.visocialcare.se\/index.php\/wp-json\/wp\/v2\/users\/1"}],"replies":[{"embeddable":true,"href":"https:\/\/www.visocialcare.se\/index.php\/wp-json\/wp\/v2\/comments?post=100"}],"version-history":[{"count":5,"href":"https:\/\/www.visocialcare.se\/index.php\/wp-json\/wp\/v2\/pages\/100\/revisions"}],"predecessor-version":[{"id":215,"href":"https:\/\/www.visocialcare.se\/index.php\/wp-json\/wp\/v2\/pages\/100\/revisions\/215"}],"wp:attachment":[{"href":"https:\/\/www.visocialcare.se\/index.php\/wp-json\/wp\/v2\/media?parent=100"}],"curies":[{"name":"wp","href":"https:\/\/api.w.org\/{rel}","templated":true}]}}